ed by 134?
133
What is the remainder when 5833441 is divided by 388896?
1
Calculate the remainder when 38258 is divided by 5421.
311
Calculate the remainder when 105399 is divided by 1679.
1301
Calculate the remainder when 11851 is divided by 197.
31
What is the remainder when 25510879 is divided by 415?
414
What is the remainder when 3030619 is divided by 1695?
1654
What is the remainder when 21808401 is divided by 5797?
87
Calculate the remainder when 24261009 is divided by 123.
120
Calculate the remainder when 422813 is divided by 237.
5
Calculate the remainder when 498481 is divided by 3561.
3502
Calculate the remainder when 56304 is divided by 18644.
372
Calculate the remainder when 78429832 is divided by 114.
112
Calculate the remainder when 71946 is divided by 17983.
14
Calculate the remainder when 44932 is divided by 8970.
82
Calculate the remainder when 8008142 is divided by 1573.
1572
What is the remainder when 74951 is divided by 507?
422
Calculate the remainder when 103309 is divided by 948.
925
Calculate the remainder when 279389603 is divided by 39.
38
What is the remainder when 8901 is divided by 2888?
237
Calculate the remainder when 320569 is divided by 63866.
1239
Calculate the remainder when 2924055 is divided by 1273.
1247
Calculate the remainder when 9705418 is divided by 36.
34
Calculate the remainder when 1199742 is divided by 99885.
1122
Calculate the remainder when 29591 is divided by 7293.
419
Calculate the remainder when 21787894 is divided by 20.
14
Calculate the remainder when 124501 is divided by 24894.
31
What is the remainder when 57493 is divided by 928?
885
What is the remainder when 58679385 is divided by 9183?
15
Calculate the remainder when 362547 is divided by 10660.
107
What is the remainder when 876306 is divided by 291177?
2775
Calculate the remainder when 540190 is divided by 2459.
1669
Calculate the remainder when 2032488 is divided by 4437.
342
Calculate the remainder when 122404 is divided by 75.
4
Calculate the remainder when 182195 is divided by 261.
17
Calculate the remainder when 48102474 is divided by 197.
196
What is the remainder when 5469842 is divided by 145?
7
What is the remainder when 3325597 is divided by 1108518?
43
Calculate the remainder when 17143040 is divided by 44412.
8
What is the remainder when 7820082 is divided by 255?
252
What is the remainder when 8293166 is divided by 392?
14
Calculate the remainder when 6982 is divided by 6297.
685
What is the remainder when 415018 is divided by 278?
242
What is the remainder when 888148 is divided by 7997?
481
Calculate the remainder when 4494061 is divided by 4056.
13
What is the remainder when 210913020 is divided by 16?
12
Calculate the remainder when 2503689 is divided by 4544.
4489
What is the remainder when 671548 is divided by 826?
10
What is the remainder when 384870 is divided by 2709?
192
Calculate the remainder when 93707 is divided by 46487.
733
What is the remainder when 301206 is divided by 157?
80
What is the remainder when 266798377 is divided by 20?
17
What is the remainder when 215945302 is divided by 6?
4
What is the remainder when 6349276 is divided by 560?
556
What is the remainder when 520240 is divided by 4451?
3924
Calculate the remainder when 1161772 is divided by 387208.
148
Calculate the remainder when 69665812 is divided by 1447.
1444
Calculate the remainder when 6216851 is divided by 1150.
1101
Calculate the remainder when 17519 is divided by 365.
364
What is the remainder when 1439747 is divided by 12?
11
Calculate the remainder when 107084 is divided by 597.
221
What is the remainder when 4433184 is divided by 738862?
12
What is the remainder when 318561 is divided by 317283?
1278
What is the remainder when 943794 is divided by 55517?
5
Calculate the remainder when 4890589 is divided by 134.
125
Calculate the remainder when 20600718 is divided by 213.
210
Calculate the remainder when 1480430 is divided by 6493.
26
What is the remainder when 123911181 is divided by 2447?
2442
What is the remainder when 3458915 is divided by 15?
5
Calculate the remainder when 10682 is divided by 5288.
106
What is the remainder when 956479 is divided by 73575?
4
What is the remainder when 402674637 is divided by 15?
12
Calculate the remainder when 32342796 is divided by 3.
0
Calculate the remainder when 78306948 is divided by 2285.
2283
Calculate the remainder when 1916928 is divided by 257.
222
What is the remainder when 308610 is divided by 15425?
110
What is the remainder when 29733277 is divided by 20?
17
Calculate the remainder when 13900034 is divided by 785.
39
Calculate the remainder when 298459202 is divided by 995.
992
What is the remainder when 414573 is divided by 82816?
493
Calculate the remainder when 12163412 is divided by 4054451.
59
Calculate the remainder when 473392674 is divided by 1690.
14
Calculate the remainder when 75947412 is divided by 15.
12
What is the remainder when 29790979 is divided by 1599?
10
Calculate the remainder when 1832308 is divided by 19476.
1564
What is the remainder when 19537700 is divided by 72?
68
Calculate the remainder when 186231 is divided by 11392.
3959
Calculate the remainder when 208182 is divided by 124.
110
What is the remainder when 56783 is divided by 477?
20
Calculate the remainder when 142000 is divided by 20269.
117
Calculate the remainder when 7656275 is divided by 174004.
99
What is the remainder when 308375 is divided by 1082?
5
What is the remainder when 161429147 is divided by 3?
2
What is the remainder when 1487517 is divided by 266?
45
Calculate the remainder when 146222 is divided by 2300.
1322
What is the remainder when 83013 is divided by 2741?
783
Calculate the remainder when 320094 is divided by 9979.
766
What is the remainder when 5816279 is divided by 193875?
29
What is the remainder when 45537513 is divided by 33?
21
What is the remainder when 53950514 is divided by 19?
14
Calculate the remainder when 1537047 is divided by 3590.
527
What is the remainder when 247410 is divided by 3343?
28
Calculate the remainder when 152029 is divided by 483.
367
Calculate the remainder when 223528 is divided by 55881.
4
What is the remainder when 761697 is divided by 253899?
0
What is the remainder when 526294 is divided by 385?
384
Calculate the remainder when 1371515 is divided by 735.
5
What is the remainder when 2258233 is divided by 12?
1
What is the remainder when 40369 is divided by 37981?
2388
What is the remainder when 587486 is divided by 41892?
998
What is the remainder when 32935491 is divided by 133?
36
What is the remainder when 90031 is divided by 189?
67
Calculate the remainder when 433720 is divided by 1143.
523
Calculate the remainder when 3506524 is divided by 21.
7
What is the remainder when 60315 is divided by 1254?
123
What is the remainder when 615604 is divided by 87901?
297
What is the remainder when 89643 is divided by 11169?
291
Calculate the remainder when 1655688 is divided by 108.
48
Calculate the remainder when 1539629 is divided by 307917.
44
Calculate the remainder when 49088702 is divided by 16.
14
What is the remainder when 146879 is divided by 36579?
563
Calculate the remainder when 12572309 is divided by 29.
26
What is the remainder when 4515379 is divided by 329?
183
Calculate the remainder when 322089 is divided by 322042.
47
What is the remainder when 31032 is divided by 1066?
118
Calculate the remainder when 62511 is divided by 20544.
879
What is the remainder when 340384467 is divided by 4516?
4515
Calculate the remainder when 7582145 is divided by 136.
9
Calculate the remainder when 9496078 is divided by 899.
840
Calculate the remainder when 16634161 is divided by 14.
5
What is the remainder when 24810 is divided by 946?
214
What is the remainder when 191705 is divided by 298?
91
What is the remainder when 61298921 is divided by 61298916?
5
Calculate the remainder when 115355 is divided by 711.
173
What is the remainder when 35490 is divided by 265?
245
Calculate the remainder when 29379748 is divided by 3225.
3223
Calculate the remainder when 2470444 is divided by 617067.
2176
What is the remainder when 1502486 is divided by 1575?
1511
What is the remainder when 674435 is divided by 674404?
31
What is the remainder when